reatest common factor of 700 and u?
35
Suppose 0 = p - 4*q + 13, 5*p - 2*q = 3*q - 5. Calculate the greatest common factor of p and 47.
1
Suppose 2*c = -3*r - 2*c + 161, c + 202 = 4*r. Calculate the greatest common divisor of r and 9741.
51
Let h be 1/9 + (-39)/6669 + 1326/38. Calculate the greatest common factor of h and 935.
5
Let y(g) = -2*g**3 + 21*g**2 - 2*g + 16. Let v be y(10). Let x be 2/(-3)*(-12)/(-2). Let t be v/15 - x/(-10). Calculate the greatest common divisor of t and 42.
6
Let y(w) = w**3 + 10*w**2 + 7*w + 15. Let f be y(-9). Let j be f*(-3)/(-18)*2. Let a = j - -21. Calculate the highest common factor of a and 48.
16
Suppose 5*b - 29 - 26 = 0. Let l be (0 - 330)*6/(-18)*-22. Let h be (-2)/(-2)*l/(-20). What is the highest common divisor of b and h?
11
Let g(o) = -18*o**2 + 43*o + 7. Let z be g(2). What is the highest common divisor of 910 and z?
7
Suppose -f = -2*f + 14. Suppose 5*v + 4*y = 2528, 27*y - 23*y = -4*v + 2024. Calculate the highest common divisor of v and f.
14
Suppose 4*j = i - 172, -4*j + 7*j = -3*i + 471. Suppose -16*o + 19*o - 40 = 5*g, -3*o = 2*g - 68. Calculate the greatest common divisor of o and i.
20
Let v be (-432048)/(-576) - (-4)/(-48). What is the highest common factor of v and 30?
30
Suppose 30*k - 28*k = 26. Suppose 3*a = -4*y + 18, 2*y = 5*y - a - 7. Suppose -5*n - y = -k. What is the highest common factor of 10 and n?
2
Let h be 50/(-18) - (2 - (-96)/(-54)). Let x = h + 30. Suppose 0 = -4*w + 20, -f + w + x = -0*f. Calculate the greatest common divisor of f and 48.
16
Suppose 0 = 5*g + 5*h - 190, 2*g - 64 = -0*g - 5*h. Let v be (-55)/1760 - 11773/(-1952). What is the highest common factor of v and g?
6
Let r(l) = 7*l**2 + 58*l + 303. Let z be r(-13). Calculate the greatest common divisor of 2074 and z.
122
Suppose -2610 = -123*y - 138*y + 246*y. What is the highest common factor of y and 42?
6
Suppose -3 + 15 = -q + 4*a, 2*q - 2*a = 0. Suppose 0 = 4*n - 5*u - 63 - 5, q*n - 68 = 2*u. Calculate the greatest common divisor of n and 34.
17
Suppose 7*d = 55*d - 190 - 2. Calculate the greatest common factor of 196 and d.
4
Let s = -113 - -254. Suppose 2*x = -6, -6*h - 5*x = -3*h - s. What is the greatest common factor of 4 and h?
4
Let j = 16 - -13. Suppose -38*f + j = -161. What is the highest common factor of 245 and f?
5
Suppose -p = -13*z + 11*z - 21, -p + 3 = z. What is the highest common divisor of p and 711?
9
Let n be (120/(-32)*145)/((-1)/(-12)*-3). Calculate the greatest common divisor of n and 825.
75
Suppose -3*z + z + 4*u = -126, z + u = 81. What is the greatest common divisor of 24600 and z?
75
Suppose -74 = -4*r - 3*x, -3*r - 7*x + 68 = -11*x. What is the greatest common factor of r and 2680?
20
Suppose -11914*m - 288 = -11920*m. What is the highest common factor of 384 and m?
48
Suppose -2*a = -j - 151, 4*a + 556 = 3*j - 7*j. Let t = j - -190. Calculate the highest common divisor of 329 and t.
47
Suppose -6*u = -4731 - 7707. Suppose -u - 717 = -15*h. Calculate the highest common factor of 3 and h.
3
Let m be (-4)/((-637)/(-5040) + (-5 - (-365)/75)). Calculate the greatest common factor of m and 54.
18
Suppose -42*q + 2720 = -10*q. Suppose 12*f = 10*f + 136. Calculate the greatest common divisor of f and q.
17
Suppose 130 = 5*z - 20. Calculate the highest common divisor of 400 and z.
10
Let q be (6600/(-231))/(-2 + 272/140). What is the highest common factor of q and 175?
25
Let k = -44 - -46. Let c = 53 - 65. Let q = 34 + c. What is the highest common divisor of k and q?
2
Let o = 9815 - 9689. What is the greatest common divisor of 2058 and o?
42
Let v = 110 + -14. Suppose 249 = 2*d + 3*t - v, 4*t + 492 = 3*d. Suppose 2*l - d = -2*l. What is the highest common factor of 21 and l?
21
Let k be 4 + 0 + 39 + 1046. What is the highest common divisor of 11 and k?
11
Suppose 0 = -31*q + 36*q + w - 5124, -3*q = -5*w - 3080. Calculate the greatest common factor of 225 and q.
25
Let b = 3317 + -3073. What is the highest common factor of 1586 and b?
122
Let c(u) = u**2 + 34*u - 368. Let m be c(23). Calculate the highest common divisor of m and 123.
41
Let h(m) = 2*m + 2. Let o be h(4). Let w be (-1064)/(-6) + 1/(-3). Let l = 257 - w. What is the highest common divisor of o and l?
10
Let a(i) = 50*i + 360. Let r be a(-7). Calculate the greatest common divisor of 840 and r.
10
Suppose 269*u - 164*u - 11561 = -2111. What is the greatest common factor of 630 and u?
90
Suppose -232*z + 65*z + 30060 = 0. Calculate the highest common factor of 5004 and z.
36
Suppose -2*u + 36 = 4*g, 0*u - 57 = -3*u - 3*g. Calculate the highest common divisor of u and 33620.
20
Suppose 32*s - 41*s + 37*s - 980 = 0. What is the highest common factor of s and 970?
5
Suppose 48*y - 53*y = 0. Suppose y = -4*m + 7*m - 84. Suppose -3*o = 10 - 22. Calculate the greatest common divisor of o and m.
4
Let g = 28173 - 28163. Let l = 84 + -19. Suppose -215 + l = -5*u. What is the highest common divisor of g and u?
10
Let h = -10257 + 11959. Calculate the highest common factor of h and 74.
74
Let v be 4 + -10 - -10 - (-26)/(-2). Let s be (-220)/(-18) - (-2)/v. Calculate the highest common factor of 3 and s.
3
Suppose 58*p - 65*p + 27040 = 201*p. Let q(r) = 3*r + 13. Let n be q(9). What is the highest common factor of p and n?
10
Let n be (486 - 490)*-17*2/8. Calculate the greatest common factor of 32861 and n.
17
Let v(b) = -5*b. Let d be v(-6). Suppose -15*g - 68 = -2*u + 22, 2*g + 53 = 3*u. What is the greatest common factor of d and u?
15
Let z be (-1)/(4/90)*(214 + -220). Let i = z - 92. Calculate the greatest common factor of 473 and i.
43
Let r(f) = -f**2 - 17*f + 81. Let d be r(-20). What is the highest common factor of d and 9?
3
Let g(x) = -29*x**2 + 291*x + 1. Let v be g(10). What is the greatest common factor of v and 9251?
11
Let d be 1 + 25/(-5) - 18/(-3). Suppose 4*t + d*b = 502, 4*b = -4*t + 7*b + 497. What is the greatest common divisor of 25 and t?
25
Suppose 302*m = 171*m - 249*m + 78660. Suppose 2*d - 3*l + 7*l = 256, -4*l = -5*d + 710. What is the greatest common factor of d and m?
69
Suppose -z - 131 = 28. Suppose 0*o = -o - 95. Let p = o - z. Calculate the highest common divisor of 32 and p.
32
Let v = 0 - 2. Let x(t) = -8*t - 7. Let i be x(v). What is the greatest common factor of 39 and i?
3
Suppose 4*c + 3*z - 326 = 0, c + 12 = -3*z + 80. Calculate the greatest common divisor of 2021 and c.
43
Let n be (22/(-22))/(1/337). Let p = n + 360. Calculate the highest common factor of 161 and p.
23
Suppose 0 = -5*q - 0*q + 4*h - 8, 4*q + h - 2 = 0. Suppose -2*o - 229 + 237 = q. Calculate the greatest common factor of 40 and o.
4
Suppose -8*v + 3492 = v - 900. Calculate the greatest common factor of 8 and v.
8
Let o(v) = -2*v**3 - v**2 + v - 1. Let a be o(-2). Suppose -h + 89 - a = 0. Suppose -4*k = 4, p - k - 29 + 20 = 0. What is the highest common factor of h and p?
8
Suppose 0 = -10*b + 8*b - s + 1598, 3994 = 5*b + 2*s. Calculate the greatest common divisor of 76 and b.
38
Let g be 3244/(-16) + 70/(-56). Let c = g + 230. Suppose -137 = -k + 45. Calculate the greatest common divisor of c and k.
26
Suppose 1213*p + 105 = 1234*p. Calculate the highest common factor of p and 640.
5
Suppose 232 = -10*u + 242. Calculate the greatest common factor of u and 601.
1
Let c(d) = -d**3 - 65*d**2 + 36*d + 412. Let g be c(-66). Calculate the highest common divisor of 13 and g.
13
Let w be 1521/12*((-34)/(-15) - (-52)/130). What is the greatest common divisor of 3406 and w?
26
Let w be 15*(1/(60/228) - 2). What is the highest common factor of w and 363?
3
Let u be 10/(-5) - (11 - 373)*1. Calculate the greatest common factor of u and 72.
72
Suppose -3*z - 18 = -4*p - z, -3*p + 4*z = -16. Suppose 0 = -p*h - 19 + 83. Let o(q) = 6*q + 2. Let k be o(1). What is the greatest common factor of k and h?
8
Let r be 11232/168*((-56)/(-6) - 0). Suppose -r = -6*u - 330. Calculate the highest common factor of u and 98.
49
Let b(w) = 2*w**2 - 3*w - 4. Let p be b(-2). Let f(s) = -s + 90. Let o be f(0). Suppose -o*x + 87*x = -210. What is the highest common factor of x and p?
10
Suppose -46 = -2*p - 2*h + h, 5*p + 4*h - 112 = 0. Suppose -5*u = -3847 + 607. Calculate the highest common factor of p and u.
24
Suppose -6*x - 18 = -48. Suppose 6 = l